{"id":51,"date":"2018-03-07T10:21:40","date_gmt":"2018-03-07T10:21:40","guid":{"rendered":"https:\/\/mairenadelalcor.net\/colegios\/sanbartolome\/?page_id=51"},"modified":"2018-05-02T10:42:44","modified_gmt":"2018-05-02T10:42:44","slug":"plan-de-centro","status":"publish","type":"page","link":"https:\/\/mairenadelalcor.net\/colegios\/sanbartolome\/plan-de-centro\/","title":{"rendered":"PLAN DE CENTRO"},"content":{"rendered":"<h1><span style=\"color: #3366ff;\">\u00a0\u00a0\u00a0\u00a0\u00a0\u00a0\u00a0\u00a0\u00a0\u00a0\u00a0\u00a0 EL PLAN DE CENTRO<\/span><\/h1>\n<p>El <strong>Plan de Centro <\/strong>es el documento que expresa nuestras se\u00f1as de identidad. Es el aut\u00e9ntico referente del principio de autonom\u00eda pedag\u00f3gica, de organizaci\u00f3n y de gesti\u00f3n\u00a0<em>.<\/em><\/p>\n<p>La Ley 17\/2007, de 10 de diciembre, de Educaci\u00f3n de Andaluc\u00eda, establece, en su Art.126, los documentos que integran el<a href=\"http:\/\/ceiphernancortes.es\/sites\/default\/files\/Documentos\/PLAN%20DE%20CENTRO%20DEL%20CEIP%20HERN%C3%81N%20CORT%C3%89S%20DE%20CASTILLEJA%20DE%20LA%20CUESTA_1.pdf\">\u00a0<\/a>Plan de Centro. Son los siguientes:<\/p>\n<p>_ EL PROYECTO EDUCATIVO.<\/p>\n<p>_ EL REGLAMENTO DE ORGANIZACI\u00d3N Y FUNCIONAMIENTO.<\/p>\n<p>_ EL PROYECTO DE GESTI\u00d3N\u00a0 DEL CENTRO.<\/p>\n<p>El presente Plan de Centro est\u00e1 basado en el DECRETO 328\/2010, de 13 de julio, por el que se aprueba el Reglamento Org\u00e1nico de las escuelas infantiles de segundo grado, de los colegios de educaci\u00f3n primaria, de los colegios de educaci\u00f3n infantil y primaria, y de los centros p\u00fablicos espec\u00edficos de educaci\u00f3n especial.<\/p>\n<p>&nbsp;<\/p>\n<p>El Plan de Centro se revisa de forma anual, es decir se elabora cada a\u00f1o adapt\u00e1ndose a las circunstancias, dificultades, avances, deliberaciones y acuerdos del Claustro y del Consejo Escolar. Al final del 1er. Y2\u00ba trimestre se\u00a0 realiza una revisi\u00f3n y es al final del curso cuando se eval\u00faa el grado de cumplimiento del Plan de Centro. Las conclusiones m\u00e1s relevantes son recogidas en una Memoria que es supervisada por la Delegaci\u00f3n de Educaci\u00f3n de Sevilla.\u00a0Nuestro Colegio es de titularidad p\u00fablica y depende de la \u00a0Junta de Andaluc\u00eda.<\/p>\n","protected":false},"excerpt":{"rendered":"<p>\u00a0\u00a0\u00a0\u00a0\u00a0\u00a0\u00a0\u00a0\u00a0\u00a0\u00a0\u00a0 EL PLAN DE CENTRO El Plan de Centro es el documento que expresa nuestras se\u00f1as de identidad. Es el aut\u00e9ntico referente del principio de autonom\u00eda pedag\u00f3gica, de organizaci\u00f3n y &hellip; <\/p>\n<p class=\"link-more\"><a href=\"https:\/\/mairenadelalcor.net\/colegios\/sanbartolome\/plan-de-centro\/\" class=\"more-link\">Continuar leyendo<span class=\"screen-reader-text\"> \u00abPLAN DE CENTRO\u00bb<\/span><\/a><\/p>\n","protected":false},"author":1,"featured_media":0,"parent":0,"menu_order":0,"comment_status":"closed","ping_status":"closed","template":"","meta":{"footnotes":""},"class_list":["post-51","page","type-page","status-publish","hentry"],"_links":{"self":[{"href":"https:\/\/mairenadelalcor.net\/colegios\/sanbartolome\/wp-json\/wp\/v2\/pages\/51","targetHints":{"allow":["GET"]}}],"collection":[{"href":"https:\/\/mairenadelalcor.net\/colegios\/sanbartolome\/wp-json\/wp\/v2\/pages"}],"about":[{"href":"https:\/\/mairenadelalcor.net\/colegios\/sanbartolome\/wp-json\/wp\/v2\/types\/page"}],"author":[{"embeddable":true,"href":"https:\/\/mairenadelalcor.net\/colegios\/sanbartolome\/wp-json\/wp\/v2\/users\/1"}],"replies":[{"embeddable":true,"href":"https:\/\/mairenadelalcor.net\/colegios\/sanbartolome\/wp-json\/wp\/v2\/comments?post=51"}],"version-history":[{"count":4,"href":"https:\/\/mairenadelalcor.net\/colegios\/sanbartolome\/wp-json\/wp\/v2\/pages\/51\/revisions"}],"predecessor-version":[{"id":680,"href":"https:\/\/mairenadelalcor.net\/colegios\/sanbartolome\/wp-json\/wp\/v2\/pages\/51\/revisions\/680"}],"wp:attachment":[{"href":"https:\/\/mairenadelalcor.net\/colegios\/sanbartolome\/wp-json\/wp\/v2\/media?parent=51"}],"curies":[{"name":"wp","href":"https:\/\/api.w.org\/{rel}","templated":true}]}}