{"id":503,"date":"2018-03-21T07:25:12","date_gmt":"2018-03-21T07:25:12","guid":{"rendered":"https:\/\/mairenadelalcor.net\/colegios\/sanbartolome\/?page_id=503"},"modified":"2025-11-10T12:28:32","modified_gmt":"2025-11-10T12:28:32","slug":"coordinadores-de-ciclos-y-proyectos","status":"publish","type":"page","link":"https:\/\/mairenadelalcor.net\/colegios\/sanbartolome\/coordinadores-de-ciclos-y-proyectos\/","title":{"rendered":"COORDINADORES DE CICLOS Y PROYECTOS"},"content":{"rendered":"<p><img loading=\"lazy\" decoding=\"async\" class=\"alignnone size-medium wp-image-514\" src=\"https:\/\/mairenadelalcor.net\/colegios\/sanbartolome\/wp-content\/uploads\/2018\/03\/images-300x141.jpg\" alt=\"\" width=\"300\" height=\"141\" srcset=\"https:\/\/mairenadelalcor.net\/colegios\/sanbartolome\/wp-content\/uploads\/2018\/03\/images-300x141.jpg 300w, https:\/\/mairenadelalcor.net\/colegios\/sanbartolome\/wp-content\/uploads\/2018\/03\/images.jpg 327w\" sizes=\"auto, (max-width: 300px) 100vw, 300px\" \/><\/p>\n<h3><em><strong>TUTOR\u00cdAS<\/strong><\/em><\/h3>\n<p><span style=\"color: #3366ff;\"><strong>\u00a0MAESTRAS DEL SEGUNDO CICLO DE EDUCACI\u00d3N INFANTIL<\/strong><\/span><\/p>\n<ul>\n<li><span style=\"font-weight: 400;\">E.I 3 a\u00f1os:\u00a0 D\u00aa Raquel Centeno Garc\u00eda<\/span><\/li>\n<li><span style=\"font-weight: 400;\">E.I 4 a\u00f1os:\u00a0 D\u00aa Agustina Carri\u00f3n Garc\u00eda.<\/span><\/li>\n<li><span style=\"font-weight: 400;\">E.I 5 a\u00f1os:\u00a0 D\u00aa Irene Miranda S\u00e1nchez.<\/span><\/li>\n<\/ul>\n<p><span style=\"color: #3366ff;\"><strong>MAESTROS\/AS\u00a0 DE EDUCACI\u00d3N PRIMARIA<\/strong><\/span><\/p>\n<ul>\n<li>D\u00aa Margarita Guti\u00e9rrez Garc\u00eda: Tutora de 1\u00ba.<\/li>\n<li><span style=\"font-weight: 400;\">D\u00aa <\/span>Margarita Ram\u00f3n Cordob\u00e9s: Tutora de 2\u00ba y especialista de ingl\u00e9s.<\/li>\n<li>D\u00aa Inmaculada Bustos Rodr\u00edguez y Lourdes Palos Sasia\u00edn: Tutoras de 3\u00ba.<\/li>\n<li>D\u00aa Carmen Jim\u00e9nez Nevado: Tutora de 4\u00ba.<\/li>\n<li><span style=\"font-weight: 400;\">D\u00aa M\u00aa. Carmen Rodr\u00edguez L\u00f3pez<\/span>: Tutora de 5\u00ba y especialista de franc\u00e9s.<\/li>\n<li>D\u00aa Zahira Ropero Salas: Tutora de 6\u00ba y especialista de ingl\u00e9s.<\/li>\n<li>D. Antonio Rold\u00e1n Rold\u00e1n:\u00a0 Especialista en Educaci\u00f3n F\u00edsica.<\/li>\n<li>D. Francisco Jos\u00e9 Morillo Ben\u00edtez:\u00a0 Especialista en Religi\u00f3n y Moral Cat\u00f3lica.<\/li>\n<li>D\u00aa M\u00aa. Lourdes Palos Sasiain: Refuerzo Educativo.<\/li>\n<li>D\u00aa M\u00aa. Lourdes Jim\u00e9nez Sosa:\u00a0 Especialista en Pedagog\u00eda Terap\u00e9utica.<\/li>\n<li><span style=\"font-weight: 400;\">D\u00aa M\u00aa del Amor L\u00f3pez Rodr\u00edguez<\/span>:\u00a0 Especialista en Audici\u00f3n y Lenguaje.<\/li>\n<li>D. \u00d3scar Garc\u00eda Ortiz: Especialista en Educaci\u00f3n Musical y Art\u00edstica.<\/li>\n<li><span style=\"font-weight: 400;\">D\u00aa Inmaculada Jim\u00e9nez Pineda:\u00a0 Refuerzo ingl\u00e9s 4\u00ba,\u00a0 5\u00ba y 6\u00ba.<\/span><\/li>\n<\/ul>\n<p><span style=\"color: #3366ff;\"><strong>COORDINADORES DE CICLOS Y PROYECTOS<\/strong><\/span><\/p>\n<p>Coordinadora\u00a0 Ciclo de Infantil &#8212; Raquel Centeno Garc\u00eda<\/p>\n<p>Coordinador 1\u00ba Ciclo de Primaria&#8212;\u00d3scar Garc\u00eda Ortiz<\/p>\n<p>Coordinadora\u00a0 2\u00ba Ciclo de Primaria&#8212; Carmen Jim\u00e9nez Nevado<\/p>\n<p>Coordinador 3\u00ba Ciclo de Primaria&#8212; M\u00aa. Carmen Rodr\u00edguez L\u00f3pez<\/p>\n<p>Coordinadora Equipo de Orientaci\u00f3n&#8212;Lourdes Jim\u00e9nez Sosa.<\/p>\n<p>Coordinador TDE&#8212; \u00d3scar Garc\u00eda Ortiz.<\/p>\n<p>Coordinador Plan STEAM 4.0 &#8212; Antonio Rold\u00e1n Rold\u00e1n<\/p>\n<p>Coordinadora Plan de Lectura y Biblioteca&#8212; Zahira Ropero Salas<\/p>\n<p>Coordinadora Plan de Autoprotecci\u00f3n &#8212;-Lourdes Palos Sasia\u00edn<\/p>\n<p>Coordinadora Plan de Igualdad&#8212;Margarita Ram\u00f3n Cordob\u00e9s<\/p>\n<p>Coordinadora\u00a0 Tr\u00e1nsito Educaci\u00f3n Infantil&#8212; Raquel Centeno Garc\u00eda<\/p>\n<p>Coordinadora Programa Tr\u00e1nsito Educaci\u00f3n Primaria &#8212; Inmaculada Bustos Rodr\u00edguez \/ Inmaculada Jim\u00e9nez Pineda<\/p>\n<p>Coordinadora del Grupo de trabajo de Infantil&#8212; Irene Miranda S\u00e1nchez<\/p>\n<p>Coordinadora Grupo de trabajo de Lengua y matem\u00e1ticas &#8212; Carmen Jim\u00e9nez Nevado<\/p>\n<p>Coordinadora Practicum&#8212;Inmaculada Jim\u00e9nez Pineda<\/p>\n<p>Coordinadora del Plan de Apertura&#8212;Inmaculada Jim\u00e9nez Pineda<\/p>\n<p>Coordinador Proyecto Recreos Inclusivos y Din\u00e1micos&#8212;Lourdes Palos Sasiain<\/p>\n<p>Coordinador Rob\u00f3tica y Pensamiento Computacional &#8212; \u00d3scar Garc\u00eda Ortiz<\/p>\n<p>Coordinadora del Plan de Convivencia, bienestar y protecci\u00f3n de la infancia y adolescencia&#8212;Lourdes Jim\u00e9nez Sosa<\/p>\n","protected":false},"excerpt":{"rendered":"<p>TUTOR\u00cdAS \u00a0MAESTRAS DEL SEGUNDO CICLO DE EDUCACI\u00d3N INFANTIL E.I 3 a\u00f1os:\u00a0 D\u00aa Raquel Centeno Garc\u00eda E.I 4 a\u00f1os:\u00a0 D\u00aa Agustina Carri\u00f3n Garc\u00eda. E.I 5 a\u00f1os:\u00a0 D\u00aa Irene Miranda S\u00e1nchez. MAESTROS\/AS\u00a0 &hellip; <\/p>\n<p class=\"link-more\"><a href=\"https:\/\/mairenadelalcor.net\/colegios\/sanbartolome\/coordinadores-de-ciclos-y-proyectos\/\" class=\"more-link\">Continuar leyendo<span class=\"screen-reader-text\"> \u00abCOORDINADORES DE CICLOS Y PROYECTOS\u00bb<\/span><\/a><\/p>\n","protected":false},"author":1,"featured_media":0,"parent":0,"menu_order":0,"comment_status":"closed","ping_status":"closed","template":"","meta":{"footnotes":""},"class_list":["post-503","page","type-page","status-publish","hentry"],"_links":{"self":[{"href":"https:\/\/mairenadelalcor.net\/colegios\/sanbartolome\/wp-json\/wp\/v2\/pages\/503","targetHints":{"allow":["GET"]}}],"collection":[{"href":"https:\/\/mairenadelalcor.net\/colegios\/sanbartolome\/wp-json\/wp\/v2\/pages"}],"about":[{"href":"https:\/\/mairenadelalcor.net\/colegios\/sanbartolome\/wp-json\/wp\/v2\/types\/page"}],"author":[{"embeddable":true,"href":"https:\/\/mairenadelalcor.net\/colegios\/sanbartolome\/wp-json\/wp\/v2\/users\/1"}],"replies":[{"embeddable":true,"href":"https:\/\/mairenadelalcor.net\/colegios\/sanbartolome\/wp-json\/wp\/v2\/comments?post=503"}],"version-history":[{"count":33,"href":"https:\/\/mairenadelalcor.net\/colegios\/sanbartolome\/wp-json\/wp\/v2\/pages\/503\/revisions"}],"predecessor-version":[{"id":11070,"href":"https:\/\/mairenadelalcor.net\/colegios\/sanbartolome\/wp-json\/wp\/v2\/pages\/503\/revisions\/11070"}],"wp:attachment":[{"href":"https:\/\/mairenadelalcor.net\/colegios\/sanbartolome\/wp-json\/wp\/v2\/media?parent=503"}],"curies":[{"name":"wp","href":"https:\/\/api.w.org\/{rel}","templated":true}]}}