{"id":501,"date":"2018-03-21T07:24:42","date_gmt":"2018-03-21T07:24:42","guid":{"rendered":"https:\/\/mairenadelalcor.net\/colegios\/sanbartolome\/?page_id=501"},"modified":"2025-11-10T12:52:35","modified_gmt":"2025-11-10T12:52:35","slug":"equipo-directivo","status":"publish","type":"page","link":"https:\/\/mairenadelalcor.net\/colegios\/sanbartolome\/equipo-directivo\/","title":{"rendered":"EQUIPO DIRECTIVO"},"content":{"rendered":"<h3><span style=\"color: #3366ff;\"><em><strong>EQUIPO DIRECTIVO<\/strong><\/em><\/span><\/h3>\n<p><img loading=\"lazy\" decoding=\"async\" class=\"alignnone size-medium wp-image-10153\" src=\"https:\/\/mairenadelalcor.net\/colegios\/sanbartolome\/wp-content\/uploads\/2024\/09\/WhatsApp-Image-2024-09-11-at-11.53.40-286x300.jpeg\" alt=\"Directora\" width=\"286\" height=\"300\" srcset=\"https:\/\/mairenadelalcor.net\/colegios\/sanbartolome\/wp-content\/uploads\/2024\/09\/WhatsApp-Image-2024-09-11-at-11.53.40-286x300.jpeg 286w, https:\/\/mairenadelalcor.net\/colegios\/sanbartolome\/wp-content\/uploads\/2024\/09\/WhatsApp-Image-2024-09-11-at-11.53.40.jpeg 487w\" sizes=\"auto, (max-width: 286px) 100vw, 286px\" \/><\/p>\n<p>Directora: Inmaculada Jim\u00e9nez Pineda<\/p>\n<p><img loading=\"lazy\" decoding=\"async\" class=\"alignnone wp-image-9815 size-full\" src=\"https:\/\/mairenadelalcor.net\/colegios\/sanbartolome\/wp-content\/uploads\/2023\/10\/i.b.jpg\" alt=\"\" width=\"300\" height=\"285\" \/><\/p>\n<p>Jefa de Estudios: Inmaculada Bustos Rodr\u00edguez<\/p>\n<p><img loading=\"lazy\" decoding=\"async\" class=\"alignnone size-medium wp-image-11073\" src=\"https:\/\/mairenadelalcor.net\/colegios\/sanbartolome\/wp-content\/uploads\/2025\/11\/WhatsApp-Image-2025-11-10-at-13.48.50-186x300.jpeg\" alt=\"\" width=\"186\" height=\"300\" srcset=\"https:\/\/mairenadelalcor.net\/colegios\/sanbartolome\/wp-content\/uploads\/2025\/11\/WhatsApp-Image-2025-11-10-at-13.48.50-186x300.jpeg 186w, https:\/\/mairenadelalcor.net\/colegios\/sanbartolome\/wp-content\/uploads\/2025\/11\/WhatsApp-Image-2025-11-10-at-13.48.50-634x1024.jpeg 634w, https:\/\/mairenadelalcor.net\/colegios\/sanbartolome\/wp-content\/uploads\/2025\/11\/WhatsApp-Image-2025-11-10-at-13.48.50-768x1241.jpeg 768w, https:\/\/mairenadelalcor.net\/colegios\/sanbartolome\/wp-content\/uploads\/2025\/11\/WhatsApp-Image-2025-11-10-at-13.48.50-950x1536.jpeg 950w, https:\/\/mairenadelalcor.net\/colegios\/sanbartolome\/wp-content\/uploads\/2025\/11\/WhatsApp-Image-2025-11-10-at-13.48.50.jpeg 1267w\" sizes=\"auto, (max-width: 186px) 100vw, 186px\" \/><\/p>\n<p>Secretaria: Agustina Carri\u00f3n Garc\u00eda<\/p>\n","protected":false},"excerpt":{"rendered":"<p>EQUIPO DIRECTIVO Directora: Inmaculada Jim\u00e9nez Pineda Jefa de Estudios: Inmaculada Bustos Rodr\u00edguez Secretaria: Agustina Carri\u00f3n Garc\u00eda<\/p>\n","protected":false},"author":1,"featured_media":0,"parent":0,"menu_order":0,"comment_status":"closed","ping_status":"closed","template":"","meta":{"footnotes":""},"class_list":["post-501","page","type-page","status-publish","hentry"],"_links":{"self":[{"href":"https:\/\/mairenadelalcor.net\/colegios\/sanbartolome\/wp-json\/wp\/v2\/pages\/501","targetHints":{"allow":["GET"]}}],"collection":[{"href":"https:\/\/mairenadelalcor.net\/colegios\/sanbartolome\/wp-json\/wp\/v2\/pages"}],"about":[{"href":"https:\/\/mairenadelalcor.net\/colegios\/sanbartolome\/wp-json\/wp\/v2\/types\/page"}],"author":[{"embeddable":true,"href":"https:\/\/mairenadelalcor.net\/colegios\/sanbartolome\/wp-json\/wp\/v2\/users\/1"}],"replies":[{"embeddable":true,"href":"https:\/\/mairenadelalcor.net\/colegios\/sanbartolome\/wp-json\/wp\/v2\/comments?post=501"}],"version-history":[{"count":14,"href":"https:\/\/mairenadelalcor.net\/colegios\/sanbartolome\/wp-json\/wp\/v2\/pages\/501\/revisions"}],"predecessor-version":[{"id":11074,"href":"https:\/\/mairenadelalcor.net\/colegios\/sanbartolome\/wp-json\/wp\/v2\/pages\/501\/revisions\/11074"}],"wp:attachment":[{"href":"https:\/\/mairenadelalcor.net\/colegios\/sanbartolome\/wp-json\/wp\/v2\/media?parent=501"}],"curies":[{"name":"wp","href":"https:\/\/api.w.org\/{rel}","templated":true}]}}