{"id":401,"date":"2018-03-19T09:56:50","date_gmt":"2018-03-19T09:56:50","guid":{"rendered":"https:\/\/mairenadelalcor.net\/colegios\/sanbartolome\/?page_id=401"},"modified":"2025-09-26T11:55:51","modified_gmt":"2025-09-26T11:55:51","slug":"zona-ampa","status":"publish","type":"page","link":"https:\/\/mairenadelalcor.net\/colegios\/sanbartolome\/zona-ampa\/","title":{"rendered":"Zona AMPA"},"content":{"rendered":"\n<p class=\"has-medium-font-size\"><strong>Curso 24\/25<\/strong><\/p>\n\n\n\n<p>Estado de cuentas 24\/25<\/p>\n\n\n\n<figure class=\"wp-block-image size-large\"><img loading=\"lazy\" decoding=\"async\" width=\"1024\" height=\"771\" src=\"https:\/\/mairenadelalcor.net\/colegios\/sanbartolome\/wp-content\/uploads\/2025\/09\/WhatsApp-Image-2025-09-26-at-13.51.18-1024x771.jpeg\" alt=\"\" class=\"wp-image-11052\" srcset=\"https:\/\/mairenadelalcor.net\/colegios\/sanbartolome\/wp-content\/uploads\/2025\/09\/WhatsApp-Image-2025-09-26-at-13.51.18-1024x771.jpeg 1024w, https:\/\/mairenadelalcor.net\/colegios\/sanbartolome\/wp-content\/uploads\/2025\/09\/WhatsApp-Image-2025-09-26-at-13.51.18-300x226.jpeg 300w, https:\/\/mairenadelalcor.net\/colegios\/sanbartolome\/wp-content\/uploads\/2025\/09\/WhatsApp-Image-2025-09-26-at-13.51.18-768x578.jpeg 768w, https:\/\/mairenadelalcor.net\/colegios\/sanbartolome\/wp-content\/uploads\/2025\/09\/WhatsApp-Image-2025-09-26-at-13.51.18-1536x1156.jpeg 1536w, https:\/\/mairenadelalcor.net\/colegios\/sanbartolome\/wp-content\/uploads\/2025\/09\/WhatsApp-Image-2025-09-26-at-13.51.18.jpeg 1600w\" sizes=\"auto, (max-width: 767px) 89vw, (max-width: 1000px) 54vw, (max-width: 1071px) 543px, 580px\" \/><\/figure>\n\n\n\n<p class=\"has-medium-font-size\"><strong>Curso 23\/24<\/strong><\/p>\n\n\n\n<p>Estado de cuentas 23\/24<\/p>\n\n\n\n<figure class=\"wp-block-image size-large\"><img loading=\"lazy\" decoding=\"async\" width=\"1024\" height=\"664\" src=\"https:\/\/mairenadelalcor.net\/colegios\/sanbartolome\/wp-content\/uploads\/2024\/10\/1727767237179-1024x664.jpg\" alt=\"\" class=\"wp-image-10168\" srcset=\"https:\/\/mairenadelalcor.net\/colegios\/sanbartolome\/wp-content\/uploads\/2024\/10\/1727767237179-1024x664.jpg 1024w, https:\/\/mairenadelalcor.net\/colegios\/sanbartolome\/wp-content\/uploads\/2024\/10\/1727767237179-300x195.jpg 300w, https:\/\/mairenadelalcor.net\/colegios\/sanbartolome\/wp-content\/uploads\/2024\/10\/1727767237179-768x498.jpg 768w, https:\/\/mairenadelalcor.net\/colegios\/sanbartolome\/wp-content\/uploads\/2024\/10\/1727767237179.jpg 1526w\" sizes=\"auto, (max-width: 767px) 89vw, (max-width: 1000px) 54vw, (max-width: 1071px) 543px, 580px\" \/><\/figure>\n\n\n\n<p><\/p>\n\n\n\n<figure class=\"wp-block-image size-large is-style-default\"><img loading=\"lazy\" decoding=\"async\" width=\"1024\" height=\"811\" src=\"https:\/\/mairenadelalcor.net\/colegios\/sanbartolome\/wp-content\/uploads\/2023\/04\/WhatsApp-Image-2023-04-12-at-10.05.23-1024x811.jpeg\" alt=\"\" class=\"wp-image-9332\" srcset=\"https:\/\/mairenadelalcor.net\/colegios\/sanbartolome\/wp-content\/uploads\/2023\/04\/WhatsApp-Image-2023-04-12-at-10.05.23-1024x811.jpeg 1024w, https:\/\/mairenadelalcor.net\/colegios\/sanbartolome\/wp-content\/uploads\/2023\/04\/WhatsApp-Image-2023-04-12-at-10.05.23-300x238.jpeg 300w, https:\/\/mairenadelalcor.net\/colegios\/sanbartolome\/wp-content\/uploads\/2023\/04\/WhatsApp-Image-2023-04-12-at-10.05.23-768x608.jpeg 768w, https:\/\/mairenadelalcor.net\/colegios\/sanbartolome\/wp-content\/uploads\/2023\/04\/WhatsApp-Image-2023-04-12-at-10.05.23.jpeg 1496w\" sizes=\"auto, (max-width: 767px) 89vw, (max-width: 1000px) 54vw, (max-width: 1071px) 543px, 580px\" \/><\/figure>\n\n\n<h3><strong>Curso 22\/23<\/strong><\/h3>\n<p><a href=\"https:\/\/youtu.be\/65HlMLOF6V8\">V\u00eddeo 1 Tus kil\u00f3metros nos dan vida<\/a><\/p>\n<p><a href=\"https:\/\/youtu.be\/KuM4EKoYtls\">V\u00eddeo 2 Tus kil\u00f3metros nos dan vida<\/a><\/p>\n<p>Estado de cuentas 22\/23<\/p>\n<p><img loading=\"lazy\" decoding=\"async\" class=\"alignnone wp-image-9794 size-large\" src=\"https:\/\/mairenadelalcor.net\/colegios\/sanbartolome\/wp-content\/uploads\/2023\/09\/cuentas-AMPA-1024x655.jpg\" alt=\"\" width=\"525\" height=\"336\" srcset=\"https:\/\/mairenadelalcor.net\/colegios\/sanbartolome\/wp-content\/uploads\/2023\/09\/cuentas-AMPA-1024x655.jpg 1024w, https:\/\/mairenadelalcor.net\/colegios\/sanbartolome\/wp-content\/uploads\/2023\/09\/cuentas-AMPA-300x192.jpg 300w, https:\/\/mairenadelalcor.net\/colegios\/sanbartolome\/wp-content\/uploads\/2023\/09\/cuentas-AMPA-768x491.jpg 768w, https:\/\/mairenadelalcor.net\/colegios\/sanbartolome\/wp-content\/uploads\/2023\/09\/cuentas-AMPA-1536x982.jpg 1536w, https:\/\/mairenadelalcor.net\/colegios\/sanbartolome\/wp-content\/uploads\/2023\/09\/cuentas-AMPA.jpg 1564w\" sizes=\"auto, (max-width: 525px) 100vw, 525px\" \/><\/p>\n<h3><strong>Curso 21\/22<\/strong><\/h3>\n<h3><a href=\"https:\/\/mairenadelalcor.net\/colegios\/sanbartolome\/wp-content\/uploads\/2021\/04\/ANDEX.wlmp-1.mp4-FINAL.mp4\">V\u00eddeo 1 Andex<\/a><\/h3>\n<h3><a href=\"https:\/\/mairenadelalcor.net\/colegios\/sanbartolome\/wp-content\/uploads\/2021\/04\/VIDEO-ANDEX.avi\">V\u00eddeo 2 Andex<\/a><\/h3>\n<h3><a href=\"https:\/\/youtu.be\/pHq2TMhHdwE\"><strong>V\u00eddeo de nuestras empresas colaboradoras en este curso 20\/21<\/strong><\/a><\/h3>\n<h3>\u00a0<\/h3>\n<h3><strong><em>\u00bfQu\u00e9 es un AMPA?<\/em><\/strong><\/h3>\n<p>Las asociaciones de madres y padres del alumnado son un cauce fundamental para posibilitar la participaci\u00f3n de las familias o tutores del alumnado, en su caso, en las actividades de los centros docentes. Para ello tendr\u00e1n aquellas finalidades que se fijen en sus estatutos, dentro de las<br \/>siguientes:<\/p>\n<ul>\n<li>Asistir a los padres, madres o tutores legales en todo aquello que concierne a la educaci\u00f3n de sus hijos e hijas o pupilos.<\/li>\n<li>Colaborar en las actividades educativas de los centros, y en las actividades complementarias y extraescolares de los mismos.<\/li>\n<li>Organizar actividades culturales y deportivas.<\/li>\n<li>Promover la participaci\u00f3n de los padres, madres o tutores del alumnado en la gesti\u00f3n del Centro.<\/li>\n<li>Asistir a los padres, madres o tutores legales del alumnado en el ejercicio de su derecho a intervenir en el control y gesti\u00f3n de los centros sostenidos con fondos p\u00fablicos.<\/li>\n<li>Facilitar la representaci\u00f3n y participaci\u00f3n de los padres, madres o tutores legales del alumnado en los Consejos Escolares de los centros sostenidos con fondos p\u00fablicos, para lo cual podr\u00e1n presentar candidaturas en los correspondientes procesos electorales.<\/li>\n<li>Promover el desarrollo de programas de Educaci\u00f3n Familiar.<\/li>\n<li>Representar a los padres, madres o tutores asociados a las mismas ante las instancias educativas y otros organismos.<\/li>\n<\/ul>\n<p><strong>Estado de cuentas al finalizar el curso 22\/23<\/strong><\/p>\n\n\n<figure class=\"wp-block-gallery has-nested-images columns-default is-cropped wp-block-gallery-1 is-layout-flex wp-block-gallery-is-layout-flex\">\n<figure class=\"wp-block-image size-large\"><img loading=\"lazy\" decoding=\"async\" width=\"1564\" height=\"1000\" data-id=\"9794\" src=\"https:\/\/mairenadelalcor.net\/colegios\/sanbartolome\/wp-content\/uploads\/2023\/09\/cuentas-AMPA.jpg\" alt=\"\" class=\"wp-image-9794\" srcset=\"https:\/\/mairenadelalcor.net\/colegios\/sanbartolome\/wp-content\/uploads\/2023\/09\/cuentas-AMPA.jpg 1564w, https:\/\/mairenadelalcor.net\/colegios\/sanbartolome\/wp-content\/uploads\/2023\/09\/cuentas-AMPA-300x192.jpg 300w, https:\/\/mairenadelalcor.net\/colegios\/sanbartolome\/wp-content\/uploads\/2023\/09\/cuentas-AMPA-1024x655.jpg 1024w, https:\/\/mairenadelalcor.net\/colegios\/sanbartolome\/wp-content\/uploads\/2023\/09\/cuentas-AMPA-768x491.jpg 768w, https:\/\/mairenadelalcor.net\/colegios\/sanbartolome\/wp-content\/uploads\/2023\/09\/cuentas-AMPA-1536x982.jpg 1536w\" sizes=\"auto, (max-width: 767px) 89vw, (max-width: 1000px) 54vw, (max-width: 1071px) 543px, 580px\" \/><\/figure>\n<\/figure>\n\n\n\n<figure class=\"wp-block-gallery has-nested-images columns-default is-cropped wp-block-gallery-2 is-layout-flex wp-block-gallery-is-layout-flex\"><\/figure>\n","protected":false},"excerpt":{"rendered":"<p>Curso 24\/25 Estado de cuentas 24\/25 Curso 23\/24 Estado de cuentas 23\/24 Curso 22\/23 V\u00eddeo 1 Tus kil\u00f3metros nos dan vida V\u00eddeo 2 Tus kil\u00f3metros nos dan vida Estado de &hellip; <\/p>\n<p class=\"link-more\"><a href=\"https:\/\/mairenadelalcor.net\/colegios\/sanbartolome\/zona-ampa\/\" class=\"more-link\">Continuar leyendo<span class=\"screen-reader-text\"> \u00abZona AMPA\u00bb<\/span><\/a><\/p>\n","protected":false},"author":1,"featured_media":0,"parent":0,"menu_order":0,"comment_status":"closed","ping_status":"closed","template":"","meta":{"footnotes":""},"class_list":["post-401","page","type-page","status-publish","hentry"],"_links":{"self":[{"href":"https:\/\/mairenadelalcor.net\/colegios\/sanbartolome\/wp-json\/wp\/v2\/pages\/401","targetHints":{"allow":["GET"]}}],"collection":[{"href":"https:\/\/mairenadelalcor.net\/colegios\/sanbartolome\/wp-json\/wp\/v2\/pages"}],"about":[{"href":"https:\/\/mairenadelalcor.net\/colegios\/sanbartolome\/wp-json\/wp\/v2\/types\/page"}],"author":[{"embeddable":true,"href":"https:\/\/mairenadelalcor.net\/colegios\/sanbartolome\/wp-json\/wp\/v2\/users\/1"}],"replies":[{"embeddable":true,"href":"https:\/\/mairenadelalcor.net\/colegios\/sanbartolome\/wp-json\/wp\/v2\/comments?post=401"}],"version-history":[{"count":33,"href":"https:\/\/mairenadelalcor.net\/colegios\/sanbartolome\/wp-json\/wp\/v2\/pages\/401\/revisions"}],"predecessor-version":[{"id":11053,"href":"https:\/\/mairenadelalcor.net\/colegios\/sanbartolome\/wp-json\/wp\/v2\/pages\/401\/revisions\/11053"}],"wp:attachment":[{"href":"https:\/\/mairenadelalcor.net\/colegios\/sanbartolome\/wp-json\/wp\/v2\/media?parent=401"}],"curies":[{"name":"wp","href":"https:\/\/api.w.org\/{rel}","templated":true}]}}